2
What is 4 + (-5 - (1 - (4 - (5 - 9))))?
6
What is the value of -3 - (-7 + -4 - -9)?
-1
What is the value of 3 - ((1 - 3) + -11 - (-9 - -7))?
14
Evaluate 16 - (-18 - (22 + -41)).
15
(10 - 1 - (25 - 16)) + -14
-14
26 - ((1 - -58) + -4)
-29
Calculate 15 - ((1 - 0) + (48 - 42)).
8
(39 - 11) + (32 - 33)
27
-14 - ((-43 - -42) + -33)
20
1 - -1 - 32 - (-162 - -155) - -6
-17
What is the value of (-16 + 1 - 5) + (15 - 6) - 26?
-37
Calculate 23 - (56 - (16 - 8)).
-25
Evaluate 9 - ((-3 - -1) + (5 - 1 - 10)).
17
Calculate 1 + -13 + (-1 - -8) - 3.
-8
What is the value of 29 - (-46 - -66) - (16 + -2)?
-5
What is 6 + (-4 - -20) + -20?
2
Evaluate 7 + -5 + 7 + 3.
12
Evaluate -200 + 192 + (3 - 0).
-5
What is the value of -10 - 3 - (78 - 103)?
12
What is the value of -8 + (-10 - (3 - 22)) + -17?
-16
What is the value of -1 + 0 + -4 + -2 + 27 + -32?
-12
What is -78 - -75 - (-4 - 0)?
1
What is 36 + -33 + -7 + 1 - -4?
1
What is the value of (-2 - (-2 - -6)) + (-15 + -9 - -51)?
21
Calculate (-12 - -8 - 3) + 2 + 0.
-5
What is the value of 11 + -11 - 19 - -44?
25
Evaluate -2 + (-1 - 3) - (-214 - -207).
1
Evaluate -8 + -1 + 91 + -43 + -10.
29
What is (3 - 4) + 17 + -8 - 0?
8
-6 + 3 + (1 + 1 - -1) + 3
3
What is -11 - (0 + -1 + 1)?
-11
What is the value of 2 + -14 - ((18 - 30) + 11)?
-11
Evaluate -13 + (-8 - (-16 - 14)).
9
Calculate (1 - 1) + -17 + 17 - (2 + -15).
13
What is 7 + 1 + (33 - 35)?
6
1 - (19 - 8) - -17
7
(9 - (-1 - (8 - 5))) + 2
15
What is the value of (5 - (-22 - -3 - (3 + -8))) + -8?
11
What is the value of 0 + (-1 - -3) - (-1 - 13 - -7)?
9
(-2 - -9) + (33 - 4 - 23)
13
What is the value of (16 - 2) + (39 + -64 - -21)?
10
What is the value of -6 + (27 - (23 + -24 - (2 + -11)))?
13
What is the value of (1 - -9) + 4 + -8?
6
(-12 - (2 + -14)) + -12
-12
Evaluate -2 - -12 - 5 - (-10 - (-10 - -8)).
13
Calculate -3 + (-1 + 7 - (11 - 7)).
-1
What is (-10 - 11) + 15 - 7?
-13
What is -3 - 6 - (2 + -16)?
5
What is the value of 38 + -5 + -29 - 4?
0
-10 + (36 - (-21 + 46))
1
1 + -2 - 0 - -5 - (50 + -46)
0
-7 - (6 + -1 + (-7 + 15 - 9))
-11
10 - (-8 - -7) - (-10 - -17)
4
Calculate -20 - ((8 - 12) + 17 + -7).
-26
What is the value of -10 + (5 + 0 - (1 + -9 - -11))?
-8
Evaluate 1 + (-1 + 22 - 41).
-19
What is the value of -11 - -17 - (24 + 4 - 1)?
-21
20 + (18 - (17 - -15))
6
What is the value of -59 - -80 - 5 - (12 - 2)?
6
-21 + (-17 - (-62 + 21))
3
Calculate -18 + 30 + -19 + (-2 - 0).
-9
Calculate -5 + -1 + (-1 - 4) + (-2 - -4).
-9
Calculate (24 + -7 + -9 - 7) + (-4 - 8).
-11
Evaluate -1 + (63 - (9 + 31)).
22
Evaluate (-6 - (0 - 14)) + (74 - 90).
-8
What is (3 - -23) + -21 - (0 + 0 + 17)?
-12
Evaluate (16 - 2) + (-11 - -8).
11
What is the value of -2 + 0 + 3 - (-10 - (-10 - -6))?
7
Evaluate 14 - (4 - (8 - 23)).
-5
(0 + -2 - -6) + 21 + -17
8
Evaluate 70 + -69 - (5 + 18).
-22
12 + (-1 - 20) + -6
-15
Calculate 4 + -35 + 5 - -44.
18
Calculate 334 + -342 - (1 + -2 + 2).
-9
1 + 5 + (5 + (-11 - -1) - 7)
-6
Evaluate -2 + 6 + -6 - (12 - (-5 - -10)).
-9
Calculate -10 - (9 - 15) - 12.
-16
What is the value of (-24 - (3 + 0)) + -36 + 41 + 4?
-18
What is the value of -12 - (13 + -20 + -1)?
-4
What is the value of -20 + (-8 - (-47 + 25)) + 1 + 27?
22
Evaluate 5 - (2 - (1 + 15 + -1 + -9)).
9
Calculate (2 + 0 - -18) + (9 - 18).
11
Calculate -7 + 7 + -4 + (-8 - (-14 + 4)).
-2
Evaluate -18 - 1 - (-266 + 241).
6
Calculate -29 - (-17 - (-26 + 22)).
-16
What is 20 + 7 + (-5 - 5) + 7 + -7?
17
What is 8 + (1 - -10) + -2 + -3?
14
Calculate 50 + -50 + ((1 - 2) + -1 - 0).
-2
What is the value of 0 + -10 + (4 - -7) + -13 + -6?
-18
What is the value of 7 - (-4 - -3) - 11 - 0?
-3
What is 121 + -147 - (1 + -16)?
-11
What is the value of -2 - -13 - (82 + -80) - (1 + 0)?
8
What is 190 - 199 - (2 + -2)?
-9
Evaluate -4 - -5 - (-7 - (0 - 8)).
0
Evaluate 3 - (-7 + 15) - -4 - -4.
3
-5 + -3 - (-13 - (7 - -2))
14
Calculate (-73 - -69) + (-1 - -2) - 6 - -20.
11
Evaluate 6 - (2 - (-6 - (-7 + -7))).
12
What is 19 - (-16 + 26) - -1?
10
What is the value of 27 - 14 - (6 - (4 + (2 - 1)))?
12
Calculate -3 + (15 - (8 - -10)).
-6
Calculate -4 - (-25 - -41 - 8).
-12
Evaluate (5 - 15) + -40 + 62.
12
What is (-19 - -22) + (-1 + 9 - 3)?
8
Evaluate (0 - -3 - 7) + 10 + -22 + 11.
-5
What is 2 + (10 - -1 - 11)?
2
Evaluate 14 + -3 + -1 - (8 + -2 + -3).
7
Calculate 2 + (-4 - -6) - (-2 - (-3 - 0)).
3
Evaluate (28 - (35 + 2)) + (0 - 11).
-20
Evaluate -12 + (24 - 18) + (-3 - -28).
19
(-8 - -1) + (28 - 19) + 1 + -28
-25
What is 1 - 2 - (0 - 12) - (231 + -245)?
25
What is (9 - 11 - -8) + (-3 - -10)?
13
What is the value of (413 - 433) + 18 + 1?
-1
What is (-29 + 11 - 31) + 19?
-30
What is (-1 + 4 - 1) + (-52 - -22 - -25)?
-3
(-5 - (0 - -3) - (37 + -34)) + 10
-1
Evaluate (-8 - -11 - 8) + 3 + 4 - -1.
3
What is the value of -3 + -8 + 10 + (7 - 9)?
-3
Calculate 35 + -44 - (-33 + 9 - -5).
10
What is -16 + -10 + 19 + -9?
-16
Evaluate (-22 - (-17 - -6) - (0 - 6)) + 41.
36
Evaluate 7 + 18 + 1 + -6 + -7.
13
0 - (23 + 6 + -18)
-11
What is the value of 33 + (17 - 26) - 30?
-6
What is 15 - (-3 + 22 + -27)?
23
What is the value of -36 - (-5 + (-1 - 0))?
-30
What is the value of (17 - (27 + 14)) + 33?
9
What is (8 - (3 + -5 + 1)) + -6 - -13?
16
What is -8 + 3 + (1 - 7) + -5 + 7?
-9
What is the value of (3 - (10 - 3)) + (-16 - -19)?
-1
Evaluate -34 - (-39 - -16 - 22).
11
19 + 12 + (-18 - -12) + 15
40
Evaluate (8 - 8) + -4 + (6 - (1 + 1)).
0
9 - (14 - (1 - -9))
5
Calculate (-3 - -2 - (-40 - -35)) + (3 - 6).
1
Calculate (9 - (-13 - -31) - 16) + 3.
-22
13 + 5 + (4 - 13)
9
(-48 - -17) + 16 + -3
-18
-31 - -30 - 0 - (-1 - -3 - -1)
-4
Calculate -5 - (7 + -31) - 12.
7
What is the value of -2 + -13 + 16 + -17 + -15?
-31
Evaluate 0 + -2 - (-4 + 6 + (-5 - -4)).
-3
Evaluate 2 + -26 + (44 - (51 + -26)) + -17.
-22
What is the value of -12 + 8 - -6 - (-4 - (-4 + 2))?
4
Evaluate -7 + -8 + (-7 - (-9 + 1 + 3)).
-17
Evaluate 258 + -263 - (-2 - 0 - -4).
-7
What is the value of -1 - 31 - (18 - 39)?
-11
What is 17 + 0 + -8 + 19 + -7?
21
Evaluate (0 - -24) + 431 + -459.
-4
Calculate 4 + -46 - (-151 + 121).
-12
What is -9 + 9 + -4 + 0 + -10?
-14
-7 + -13 + 0 + 46
26
What is the value of (4 - -5 - (23 + -9)) + 8?
3
What is (-11 - (-36 - -19)) + 1 + 1?
8
What is 19 + -14 + 10 + -4?
11
What is the value of -1 + (20 + 8 - 2)?
25
What is the value of (0 - (15 + -3 + -5)) + -3?
-10
-4 - ((10 + -39 - -9) + 4)
12
Evaluate 12 - (-10 + 11 + -5).
16
Evaluate -10 - ((5 - -9) + -11).
-13
Calculate 0 + (8 - 5 - (-5 + 24)) + 7.
-9
What is the value of (-9 - (-5 + -15)) + -24 + 2?
-11
Calculate (1 - 9 - -5) + 0 + -2.
-5
What is the value of -14 - (-16 - -5) - (-2 + 1)?
-2
Evaluate 2 - 7 - (-87 - -65).
17
22 - (-2 + (6 - -8))
10
Calculate 18 + -22 + 5 + 3 + -19.
-15
Evaluate 6 - (-3 + (5 + 2 - (-2 - -9))).
9
What is the value of (-7 - -6) + (-2 + 1 - -14)?
12
Calculate -8 - (2 - -33) - -29.
-14
What is the value of 15 + -4 + (-4 + 4 - -7) + -6?
12
(1 - 0) + 0 + 79 + -80 + -16
-16
Calculate -30 - (-34 - -79 - 51).
-24
(-2 - -1 - 1) + 28 + 26 + -64
-12
What is 14 - ((16 - (20 + -7)) + (1 - -2))?
8
-26 + 44 + 1 + -8
11
What is (5 - -4) + 15 + (19 - 17)?
26
Calculate 3 + 3 - ((31 - 7) + (-8 - -2)).
-12
Evaluate 6 + -11 + 2 - -6.
3
What is the value of (16 - (-7 + (-6 - -21))) + -2?
6
33 - (13 + 17 + -13)
16
Calculate (20 - -3 - 3) + -27.
-7
What is the value of (16 + -27 - 14) + 13?
-12
Evaluate (1 - -6 - 3) + 3 + -26.
-19
Calculate -8 + (4 - 1) + -11 + 18.
2
What is 321 - 316 - (-2 - (-27 - 0))?
-20
What is 2 + 9 - -3 - 19?
-5
What is the value of 6 + -11 + (-2 - 3) - -5?
-5
Calculate (6 + -10 + -22 - -1) + 3.
-22
Calculate -11 - (5 + (-7 + 14 - 2)).
-21
Calculate 31 + -8 + -1 + -15.
7
Evaluate 1 + -11 + -4 + 0 + -1.
-15
What is -25 - -25 - (17 + -7)?
-10
(-32 + 14 - -5) + 11 - (7 + 1)
-10
Evaluate 2 + -13 + (3 - (13 + -4)).
-17
Calculate (5 - 13) + 8 + (-10 - 5).
-15
Evaluate 12 + 9 + -17 + -7.
-3
What is 16 + -14 + (4 - 4)?
2
Evaluate -5 - (-11 + -2) - (0 + -2).
10
What is -11 + (27 - 20) + 13?
9
What is the value of 1 + -6 - (17 + -20 + 12)?
-14
Evaluate (3 + 4 + -5 - 7) + 6 - -8.
9
Evaluate (-5 - -46) + -24 + 5.
22
What is the value of (-23 - -28) + 1 + 16?
22
Calculate -18 - (-11 + (4 - 2)) - (0 - 0).
-9
Evaluate 5 - ((5 - (3 + 2)) + 13 - -6).
-14
-9 - (23 + -20 + 19)
-31
-19 - -11